{"id":195,"date":"2026-02-10T12:08:09","date_gmt":"2026-02-10T12:08:09","guid":{"rendered":"https:\/\/pbretones.santcugatesn.com\/?page_id=195"},"modified":"2026-02-18T21:14:11","modified_gmt":"2026-02-18T21:14:11","slug":"recomendaciones","status":"publish","type":"page","link":"https:\/\/pbretones.santcugatesn.com\/?page_id=195","title":{"rendered":"Recomendaciones"},"content":{"rendered":"\n<p>Bienvenido a nuestro espacio de recomendaciones.<br>Aqu\u00ed encontrar\u00e1s una selecci\u00f3n cuidadosamente elaborada de productos, m\u00e9todos de preparaci\u00f3n y equipos para que disfrutes del caf\u00e9 de especialidad en su m\u00e1xima expresi\u00f3n.<\/p>\n\n\n\n<p>Tanto si est\u00e1s empezando como si ya eres un amante del caf\u00e9, esta secci\u00f3n est\u00e1 pensada para ayudarte a elegir mejor y preparar mejor.<\/p>\n\n\n\n<h2 class=\"wp-block-heading\">Nuestros Productos Recomendados<\/h2>\n\n\n\n<p>Descubre nuestra selecci\u00f3n de caf\u00e9s destacados, elegidos por su calidad, perfil sensorial y valoraci\u00f3n de nuestros clientes.<\/p>\n\n\n\n<p><strong> Caf\u00e9s para empezar en el mundo del caf\u00e9 de especialidad<br><\/strong><em>Perfectos si buscas equilibrio y facilidad de preparaci\u00f3n:<\/em><\/p>\n\n\n\n<div class=\"wp-block-columns is-layout-flex wp-container-core-columns-is-layout-28f84493 wp-block-columns-is-layout-flex\">\n<div class=\"wp-block-column is-layout-flow wp-block-column-is-layout-flow\">\n<figure class=\"wp-block-image size-large\"><a href=\"https:\/\/pbretones.santcugatesn.com\/?product=colombia\"><img loading=\"lazy\" decoding=\"async\" width=\"1024\" height=\"1024\" src=\"https:\/\/pbretones.santcugatesn.com\/wp-content\/uploads\/2026\/01\/cooper-Editada-1024x1024.png\" alt=\"\" class=\"wp-image-149\" srcset=\"https:\/\/pbretones.santcugatesn.com\/wp-content\/uploads\/2026\/01\/cooper-Editada-1024x1024.png 1024w, https:\/\/pbretones.santcugatesn.com\/wp-content\/uploads\/2026\/01\/cooper-Editada-300x300.png 300w, https:\/\/pbretones.santcugatesn.com\/wp-content\/uploads\/2026\/01\/cooper-Editada-150x150.png 150w, https:\/\/pbretones.santcugatesn.com\/wp-content\/uploads\/2026\/01\/cooper-Editada-768x768.png 768w, https:\/\/pbretones.santcugatesn.com\/wp-content\/uploads\/2026\/01\/cooper-Editada-600x600.png 600w, https:\/\/pbretones.santcugatesn.com\/wp-content\/uploads\/2026\/01\/cooper-Editada-100x100.png 100w, https:\/\/pbretones.santcugatesn.com\/wp-content\/uploads\/2026\/01\/cooper-Editada.png 1346w\" sizes=\"auto, (max-width: 1024px) 100vw, 1024px\" \/><\/a><\/figure>\n<\/div>\n\n\n\n<div class=\"wp-block-column is-layout-flow wp-block-column-is-layout-flow\">\n<figure class=\"wp-block-image size-large\"><a href=\"https:\/\/pbretones.santcugatesn.com\/?product=abbie-de-mexico-descafeinado\"><img loading=\"lazy\" decoding=\"async\" width=\"1024\" height=\"1024\" src=\"https:\/\/pbretones.santcugatesn.com\/wp-content\/uploads\/2026\/01\/Abbie-Editada-1024x1024.png\" alt=\"\" class=\"wp-image-161\" srcset=\"https:\/\/pbretones.santcugatesn.com\/wp-content\/uploads\/2026\/01\/Abbie-Editada-1024x1024.png 1024w, https:\/\/pbretones.santcugatesn.com\/wp-content\/uploads\/2026\/01\/Abbie-Editada-300x300.png 300w, https:\/\/pbretones.santcugatesn.com\/wp-content\/uploads\/2026\/01\/Abbie-Editada-150x150.png 150w, https:\/\/pbretones.santcugatesn.com\/wp-content\/uploads\/2026\/01\/Abbie-Editada-768x768.png 768w, https:\/\/pbretones.santcugatesn.com\/wp-content\/uploads\/2026\/01\/Abbie-Editada-600x600.png 600w, https:\/\/pbretones.santcugatesn.com\/wp-content\/uploads\/2026\/01\/Abbie-Editada-100x100.png 100w, https:\/\/pbretones.santcugatesn.com\/wp-content\/uploads\/2026\/01\/Abbie-Editada.png 1346w\" sizes=\"auto, (max-width: 1024px) 100vw, 1024px\" \/><\/a><\/figure>\n<\/div>\n\n\n\n<div class=\"wp-block-column is-layout-flow wp-block-column-is-layout-flow\">\n<figure class=\"wp-block-image size-large\"><a href=\"https:\/\/pbretones.santcugatesn.com\/?product=original-clasic\"><img loading=\"lazy\" decoding=\"async\" width=\"1024\" height=\"1024\" src=\"https:\/\/pbretones.santcugatesn.com\/wp-content\/uploads\/2026\/01\/chester-Editada-1024x1024.png\" alt=\"\" class=\"wp-image-151\" srcset=\"https:\/\/pbretones.santcugatesn.com\/wp-content\/uploads\/2026\/01\/chester-Editada-1024x1024.png 1024w, https:\/\/pbretones.santcugatesn.com\/wp-content\/uploads\/2026\/01\/chester-Editada-300x300.png 300w, https:\/\/pbretones.santcugatesn.com\/wp-content\/uploads\/2026\/01\/chester-Editada-150x150.png 150w, https:\/\/pbretones.santcugatesn.com\/wp-content\/uploads\/2026\/01\/chester-Editada-768x768.png 768w, https:\/\/pbretones.santcugatesn.com\/wp-content\/uploads\/2026\/01\/chester-Editada-600x600.png 600w, https:\/\/pbretones.santcugatesn.com\/wp-content\/uploads\/2026\/01\/chester-Editada-100x100.png 100w, https:\/\/pbretones.santcugatesn.com\/wp-content\/uploads\/2026\/01\/chester-Editada.png 1346w\" sizes=\"auto, (max-width: 1024px) 100vw, 1024px\" \/><\/a><\/figure>\n<\/div>\n<\/div>\n\n\n\n<p><strong>Caf\u00e9s para amantes de sabores intensos<br><\/strong><em>Si te gustan las notas frutales y la acidez brillante:<\/em><\/p>\n\n\n\n<div class=\"wp-block-columns is-layout-flex wp-container-core-columns-is-layout-28f84493 wp-block-columns-is-layout-flex\">\n<div class=\"wp-block-column is-layout-flow wp-block-column-is-layout-flow\">\n<figure class=\"wp-block-image size-large\"><a href=\"https:\/\/pbretones.santcugatesn.com\/?product=hunter-de-kenia\"><img loading=\"lazy\" decoding=\"async\" width=\"1024\" height=\"1024\" src=\"https:\/\/pbretones.santcugatesn.com\/wp-content\/uploads\/2026\/01\/Hunter-Editada-1024x1024.png\" alt=\"\" class=\"wp-image-157\" srcset=\"https:\/\/pbretones.santcugatesn.com\/wp-content\/uploads\/2026\/01\/Hunter-Editada-1024x1024.png 1024w, https:\/\/pbretones.santcugatesn.com\/wp-content\/uploads\/2026\/01\/Hunter-Editada-300x300.png 300w, https:\/\/pbretones.santcugatesn.com\/wp-content\/uploads\/2026\/01\/Hunter-Editada-150x150.png 150w, https:\/\/pbretones.santcugatesn.com\/wp-content\/uploads\/2026\/01\/Hunter-Editada-768x768.png 768w, https:\/\/pbretones.santcugatesn.com\/wp-content\/uploads\/2026\/01\/Hunter-Editada-600x600.png 600w, https:\/\/pbretones.santcugatesn.com\/wp-content\/uploads\/2026\/01\/Hunter-Editada-100x100.png 100w, https:\/\/pbretones.santcugatesn.com\/wp-content\/uploads\/2026\/01\/Hunter-Editada.png 1346w\" sizes=\"auto, (max-width: 1024px) 100vw, 1024px\" \/><\/a><\/figure>\n<\/div>\n\n\n\n<div class=\"wp-block-column is-layout-flow wp-block-column-is-layout-flow\">\n<figure class=\"wp-block-image size-large\"><a href=\"https:\/\/pbretones.santcugatesn.com\/?product=t-broke-de-brasil\"><img loading=\"lazy\" decoding=\"async\" width=\"1024\" height=\"1024\" src=\"https:\/\/pbretones.santcugatesn.com\/wp-content\/uploads\/2026\/01\/t-broke-Editada-1024x1024.png\" alt=\"\" class=\"wp-image-153\" srcset=\"https:\/\/pbretones.santcugatesn.com\/wp-content\/uploads\/2026\/01\/t-broke-Editada-1024x1024.png 1024w, https:\/\/pbretones.santcugatesn.com\/wp-content\/uploads\/2026\/01\/t-broke-Editada-300x300.png 300w, https:\/\/pbretones.santcugatesn.com\/wp-content\/uploads\/2026\/01\/t-broke-Editada-150x150.png 150w, https:\/\/pbretones.santcugatesn.com\/wp-content\/uploads\/2026\/01\/t-broke-Editada-768x768.png 768w, https:\/\/pbretones.santcugatesn.com\/wp-content\/uploads\/2026\/01\/t-broke-Editada-600x600.png 600w, https:\/\/pbretones.santcugatesn.com\/wp-content\/uploads\/2026\/01\/t-broke-Editada-100x100.png 100w, https:\/\/pbretones.santcugatesn.com\/wp-content\/uploads\/2026\/01\/t-broke-Editada.png 1346w\" sizes=\"auto, (max-width: 1024px) 100vw, 1024px\" \/><\/a><\/figure>\n<\/div>\n<\/div>\n\n\n\n<h2 class=\"wp-block-heading\">M\u00e9todos de Preparaci\u00f3n Recomendados<\/h2>\n\n\n\n<p>Cada m\u00e9todo resalta caracter\u00edsticas distintas del caf\u00e9. Aqu\u00ed te ayudamos a elegir el m\u00e1s adecuado.<\/p>\n\n\n\n<div class=\"wp-block-group is-nowrap is-layout-flex wp-container-core-group-is-layout-6c531013 wp-block-group-is-layout-flex\">\n<p class=\"has-text-align-left\"><strong>V60<\/strong>: <em>Perfecto para caf\u00e9s africanos o con alta acidez.<br>Ofrece una taza limpia, arom\u00e1tica y brillante.<\/em> <em> Ideal para Kenia, Costa Rica.<\/em><\/p>\n\n\n\n<figure class=\"wp-block-image size-large is-resized\"><img loading=\"lazy\" decoding=\"async\" width=\"1024\" height=\"1024\" src=\"https:\/\/pbretones.santcugatesn.com\/wp-content\/uploads\/2026\/02\/Diseno-sin-titulo-43-1024x1024.png\" alt=\"\" class=\"wp-image-357\" style=\"width:271px;height:auto\" srcset=\"https:\/\/pbretones.santcugatesn.com\/wp-content\/uploads\/2026\/02\/Diseno-sin-titulo-43-1024x1024.png 1024w, https:\/\/pbretones.santcugatesn.com\/wp-content\/uploads\/2026\/02\/Diseno-sin-titulo-43-300x300.png 300w, https:\/\/pbretones.santcugatesn.com\/wp-content\/uploads\/2026\/02\/Diseno-sin-titulo-43-150x150.png 150w, https:\/\/pbretones.santcugatesn.com\/wp-content\/uploads\/2026\/02\/Diseno-sin-titulo-43-768x768.png 768w, https:\/\/pbretones.santcugatesn.com\/wp-content\/uploads\/2026\/02\/Diseno-sin-titulo-43-600x600.png 600w, https:\/\/pbretones.santcugatesn.com\/wp-content\/uploads\/2026\/02\/Diseno-sin-titulo-43-100x100.png 100w, https:\/\/pbretones.santcugatesn.com\/wp-content\/uploads\/2026\/02\/Diseno-sin-titulo-43.png 1346w\" sizes=\"auto, (max-width: 1024px) 100vw, 1024px\" \/><\/figure>\n<\/div>\n\n\n\n<div class=\"wp-block-columns is-layout-flex wp-container-core-columns-is-layout-28f84493 wp-block-columns-is-layout-flex\">\n<div class=\"wp-block-column is-layout-flow wp-block-column-is-layout-flow\" style=\"flex-basis:100%\">\n<div class=\"wp-block-group is-nowrap is-layout-flex wp-container-core-group-is-layout-6c531013 wp-block-group-is-layout-flex\">\n<p class=\"has-text-align-left\"><em><strong>Prensa Francesa<\/strong>: Realza el cuerpo y la textura del caf\u00e9. Perfecta para perfiles achocolatados. <\/em><\/p>\n\n\n\n<figure class=\"wp-block-image size-large is-resized\"><img loading=\"lazy\" decoding=\"async\" width=\"1024\" height=\"1024\" src=\"https:\/\/pbretones.santcugatesn.com\/wp-content\/uploads\/2026\/02\/Diseno-sin-titulo-44-1024x1024.png\" alt=\"\" class=\"wp-image-358\" style=\"object-fit:cover;width:271px;height:auto\" srcset=\"https:\/\/pbretones.santcugatesn.com\/wp-content\/uploads\/2026\/02\/Diseno-sin-titulo-44-1024x1024.png 1024w, https:\/\/pbretones.santcugatesn.com\/wp-content\/uploads\/2026\/02\/Diseno-sin-titulo-44-300x300.png 300w, https:\/\/pbretones.santcugatesn.com\/wp-content\/uploads\/2026\/02\/Diseno-sin-titulo-44-150x150.png 150w, https:\/\/pbretones.santcugatesn.com\/wp-content\/uploads\/2026\/02\/Diseno-sin-titulo-44-768x768.png 768w, https:\/\/pbretones.santcugatesn.com\/wp-content\/uploads\/2026\/02\/Diseno-sin-titulo-44-600x600.png 600w, https:\/\/pbretones.santcugatesn.com\/wp-content\/uploads\/2026\/02\/Diseno-sin-titulo-44-100x100.png 100w, https:\/\/pbretones.santcugatesn.com\/wp-content\/uploads\/2026\/02\/Diseno-sin-titulo-44.png 1346w\" sizes=\"auto, (max-width: 1024px) 100vw, 1024px\" \/><\/figure>\n<\/div>\n\n\n\n<div class=\"wp-block-group is-nowrap is-layout-flex wp-container-core-group-is-layout-6c531013 wp-block-group-is-layout-flex\">\n<p class=\"has-text-align-left\"><em><strong>Cafetera Italiana (Moka)<\/strong>: <\/em>Produce una taza intensa y con cuerpo.<br>Ideal para quienes prefieren sabores tradicionales.<\/p>\n\n\n\n<p class=\"has-text-align-left\"><em> <\/em><\/p>\n\n\n\n<figure class=\"wp-block-image size-large is-resized\"><img loading=\"lazy\" decoding=\"async\" width=\"1024\" height=\"1024\" src=\"https:\/\/pbretones.santcugatesn.com\/wp-content\/uploads\/2026\/02\/Diseno-sin-titulo-45-1024x1024.png\" alt=\"\" class=\"wp-image-359\" style=\"object-fit:cover;width:271px;height:auto\" srcset=\"https:\/\/pbretones.santcugatesn.com\/wp-content\/uploads\/2026\/02\/Diseno-sin-titulo-45-1024x1024.png 1024w, https:\/\/pbretones.santcugatesn.com\/wp-content\/uploads\/2026\/02\/Diseno-sin-titulo-45-300x300.png 300w, https:\/\/pbretones.santcugatesn.com\/wp-content\/uploads\/2026\/02\/Diseno-sin-titulo-45-150x150.png 150w, https:\/\/pbretones.santcugatesn.com\/wp-content\/uploads\/2026\/02\/Diseno-sin-titulo-45-768x768.png 768w, https:\/\/pbretones.santcugatesn.com\/wp-content\/uploads\/2026\/02\/Diseno-sin-titulo-45-600x600.png 600w, https:\/\/pbretones.santcugatesn.com\/wp-content\/uploads\/2026\/02\/Diseno-sin-titulo-45-100x100.png 100w, https:\/\/pbretones.santcugatesn.com\/wp-content\/uploads\/2026\/02\/Diseno-sin-titulo-45.png 1346w\" sizes=\"auto, (max-width: 1024px) 100vw, 1024px\" \/><\/figure>\n<\/div>\n<\/div>\n<\/div>\n\n\n\n<p><\/p>\n","protected":false},"excerpt":{"rendered":"<p>Bienvenido a nuestro espacio de recomendaciones.Aqu\u00ed encontrar\u00e1s una selecci\u00f3n cuidadosamente elaborada de productos, m\u00e9todos de preparaci\u00f3n y equipos para que disfrutes del caf\u00e9 de especialidad en su m\u00e1xima expresi\u00f3n. Tanto si est\u00e1s empezando como si ya eres un amante del caf\u00e9, esta secci\u00f3n est\u00e1 pensada para ayudarte a elegir mejor y preparar mejor. Nuestros Productos [&hellip;]<\/p>\n","protected":false},"author":1,"featured_media":0,"parent":0,"menu_order":0,"comment_status":"closed","ping_status":"closed","template":"","meta":{"footnotes":""},"class_list":["post-195","page","type-page","status-publish","hentry"],"yoast_head":"<!-- This site is optimized with the Yoast SEO plugin v26.5 - https:\/\/yoast.com\/wordpress\/plugins\/seo\/ -->\n<title>Recomendaciones - Urban Coffee<\/title>\n<meta name=\"description\" content=\"Sigue todas nuestras recomendaciones, sobre toda la cultura y el mundo del caf\u00e9 de especialdiad.\" \/>\n<meta name=\"robots\" content=\"index, follow, max-snippet:-1, max-image-preview:large, max-video-preview:-1\" \/>\n<link rel=\"canonical\" href=\"https:\/\/pbretones.santcugatesn.com\/?page_id=195\" \/>\n<meta property=\"og:locale\" content=\"es_ES\" \/>\n<meta property=\"og:type\" content=\"article\" \/>\n<meta property=\"og:title\" content=\"Recomendaciones - Urban Coffee\" \/>\n<meta property=\"og:description\" content=\"Sigue todas nuestras recomendaciones, sobre toda la cultura y el mundo del caf\u00e9 de especialdiad.\" \/>\n<meta property=\"og:url\" content=\"https:\/\/pbretones.santcugatesn.com\/?page_id=195\" \/>\n<meta property=\"og:site_name\" content=\"Urban Coffee\" \/>\n<meta property=\"article:modified_time\" content=\"2026-02-18T21:14:11+00:00\" \/>\n<meta property=\"og:image\" content=\"https:\/\/pbretones.santcugatesn.com\/wp-content\/uploads\/2026\/01\/cooper-Editada.png\" \/>\n\t<meta property=\"og:image:width\" content=\"1346\" \/>\n\t<meta property=\"og:image:height\" content=\"1346\" \/>\n\t<meta property=\"og:image:type\" content=\"image\/png\" \/>\n<meta name=\"twitter:card\" content=\"summary_large_image\" \/>\n<meta name=\"twitter:label1\" content=\"Tiempo de lectura\" \/>\n\t<meta name=\"twitter:data1\" content=\"3 minutos\" \/>\n<script type=\"application\/ld+json\" class=\"yoast-schema-graph\">{\"@context\":\"https:\/\/schema.org\",\"@graph\":[{\"@type\":\"WebPage\",\"@id\":\"https:\/\/pbretones.santcugatesn.com\/?page_id=195\",\"url\":\"https:\/\/pbretones.santcugatesn.com\/?page_id=195\",\"name\":\"Recomendaciones - Urban Coffee\",\"isPartOf\":{\"@id\":\"https:\/\/pbretones.santcugatesn.com\/#website\"},\"primaryImageOfPage\":{\"@id\":\"https:\/\/pbretones.santcugatesn.com\/?page_id=195#primaryimage\"},\"image\":{\"@id\":\"https:\/\/pbretones.santcugatesn.com\/?page_id=195#primaryimage\"},\"thumbnailUrl\":\"https:\/\/pbretones.santcugatesn.com\/wp-content\/uploads\/2026\/01\/cooper-Editada-1024x1024.png\",\"datePublished\":\"2026-02-10T12:08:09+00:00\",\"dateModified\":\"2026-02-18T21:14:11+00:00\",\"description\":\"Sigue todas nuestras recomendaciones, sobre toda la cultura y el mundo del caf\u00e9 de especialdiad.\",\"breadcrumb\":{\"@id\":\"https:\/\/pbretones.santcugatesn.com\/?page_id=195#breadcrumb\"},\"inLanguage\":\"es\",\"potentialAction\":[{\"@type\":\"ReadAction\",\"target\":[\"https:\/\/pbretones.santcugatesn.com\/?page_id=195\"]}]},{\"@type\":\"ImageObject\",\"inLanguage\":\"es\",\"@id\":\"https:\/\/pbretones.santcugatesn.com\/?page_id=195#primaryimage\",\"url\":\"https:\/\/pbretones.santcugatesn.com\/wp-content\/uploads\/2026\/01\/cooper-Editada.png\",\"contentUrl\":\"https:\/\/pbretones.santcugatesn.com\/wp-content\/uploads\/2026\/01\/cooper-Editada.png\",\"width\":1346,\"height\":1346},{\"@type\":\"BreadcrumbList\",\"@id\":\"https:\/\/pbretones.santcugatesn.com\/?page_id=195#breadcrumb\",\"itemListElement\":[{\"@type\":\"ListItem\",\"position\":1,\"name\":\"Portada\",\"item\":\"https:\/\/pbretones.santcugatesn.com\/\"},{\"@type\":\"ListItem\",\"position\":2,\"name\":\"Recomendaciones\"}]},{\"@type\":\"WebSite\",\"@id\":\"https:\/\/pbretones.santcugatesn.com\/#website\",\"url\":\"https:\/\/pbretones.santcugatesn.com\/\",\"name\":\"Urban Coffee\",\"description\":\"Tienda de caf\u00e9 de especialidad\",\"potentialAction\":[{\"@type\":\"SearchAction\",\"target\":{\"@type\":\"EntryPoint\",\"urlTemplate\":\"https:\/\/pbretones.santcugatesn.com\/?s={search_term_string}\"},\"query-input\":{\"@type\":\"PropertyValueSpecification\",\"valueRequired\":true,\"valueName\":\"search_term_string\"}}],\"inLanguage\":\"es\"}]}<\/script>\n<!-- \/ Yoast SEO plugin. -->","yoast_head_json":{"title":"Recomendaciones - Urban Coffee","description":"Sigue todas nuestras recomendaciones, sobre toda la cultura y el mundo del caf\u00e9 de especialdiad.","robots":{"index":"index","follow":"follow","max-snippet":"max-snippet:-1","max-image-preview":"max-image-preview:large","max-video-preview":"max-video-preview:-1"},"canonical":"https:\/\/pbretones.santcugatesn.com\/?page_id=195","og_locale":"es_ES","og_type":"article","og_title":"Recomendaciones - Urban Coffee","og_description":"Sigue todas nuestras recomendaciones, sobre toda la cultura y el mundo del caf\u00e9 de especialdiad.","og_url":"https:\/\/pbretones.santcugatesn.com\/?page_id=195","og_site_name":"Urban Coffee","article_modified_time":"2026-02-18T21:14:11+00:00","og_image":[{"width":1346,"height":1346,"url":"https:\/\/pbretones.santcugatesn.com\/wp-content\/uploads\/2026\/01\/cooper-Editada.png","type":"image\/png"}],"twitter_card":"summary_large_image","twitter_misc":{"Tiempo de lectura":"3 minutos"},"schema":{"@context":"https:\/\/schema.org","@graph":[{"@type":"WebPage","@id":"https:\/\/pbretones.santcugatesn.com\/?page_id=195","url":"https:\/\/pbretones.santcugatesn.com\/?page_id=195","name":"Recomendaciones - Urban Coffee","isPartOf":{"@id":"https:\/\/pbretones.santcugatesn.com\/#website"},"primaryImageOfPage":{"@id":"https:\/\/pbretones.santcugatesn.com\/?page_id=195#primaryimage"},"image":{"@id":"https:\/\/pbretones.santcugatesn.com\/?page_id=195#primaryimage"},"thumbnailUrl":"https:\/\/pbretones.santcugatesn.com\/wp-content\/uploads\/2026\/01\/cooper-Editada-1024x1024.png","datePublished":"2026-02-10T12:08:09+00:00","dateModified":"2026-02-18T21:14:11+00:00","description":"Sigue todas nuestras recomendaciones, sobre toda la cultura y el mundo del caf\u00e9 de especialdiad.","breadcrumb":{"@id":"https:\/\/pbretones.santcugatesn.com\/?page_id=195#breadcrumb"},"inLanguage":"es","potentialAction":[{"@type":"ReadAction","target":["https:\/\/pbretones.santcugatesn.com\/?page_id=195"]}]},{"@type":"ImageObject","inLanguage":"es","@id":"https:\/\/pbretones.santcugatesn.com\/?page_id=195#primaryimage","url":"https:\/\/pbretones.santcugatesn.com\/wp-content\/uploads\/2026\/01\/cooper-Editada.png","contentUrl":"https:\/\/pbretones.santcugatesn.com\/wp-content\/uploads\/2026\/01\/cooper-Editada.png","width":1346,"height":1346},{"@type":"BreadcrumbList","@id":"https:\/\/pbretones.santcugatesn.com\/?page_id=195#breadcrumb","itemListElement":[{"@type":"ListItem","position":1,"name":"Portada","item":"https:\/\/pbretones.santcugatesn.com\/"},{"@type":"ListItem","position":2,"name":"Recomendaciones"}]},{"@type":"WebSite","@id":"https:\/\/pbretones.santcugatesn.com\/#website","url":"https:\/\/pbretones.santcugatesn.com\/","name":"Urban Coffee","description":"Tienda de caf\u00e9 de especialidad","potentialAction":[{"@type":"SearchAction","target":{"@type":"EntryPoint","urlTemplate":"https:\/\/pbretones.santcugatesn.com\/?s={search_term_string}"},"query-input":{"@type":"PropertyValueSpecification","valueRequired":true,"valueName":"search_term_string"}}],"inLanguage":"es"}]}},"_links":{"self":[{"href":"https:\/\/pbretones.santcugatesn.com\/index.php?rest_route=\/wp\/v2\/pages\/195","targetHints":{"allow":["GET"]}}],"collection":[{"href":"https:\/\/pbretones.santcugatesn.com\/index.php?rest_route=\/wp\/v2\/pages"}],"about":[{"href":"https:\/\/pbretones.santcugatesn.com\/index.php?rest_route=\/wp\/v2\/types\/page"}],"author":[{"embeddable":true,"href":"https:\/\/pbretones.santcugatesn.com\/index.php?rest_route=\/wp\/v2\/users\/1"}],"replies":[{"embeddable":true,"href":"https:\/\/pbretones.santcugatesn.com\/index.php?rest_route=%2Fwp%2Fv2%2Fcomments&post=195"}],"version-history":[{"count":2,"href":"https:\/\/pbretones.santcugatesn.com\/index.php?rest_route=\/wp\/v2\/pages\/195\/revisions"}],"predecessor-version":[{"id":360,"href":"https:\/\/pbretones.santcugatesn.com\/index.php?rest_route=\/wp\/v2\/pages\/195\/revisions\/360"}],"wp:attachment":[{"href":"https:\/\/pbretones.santcugatesn.com\/index.php?rest_route=%2Fwp%2Fv2%2Fmedia&parent=195"}],"curies":[{"name":"wp","href":"https:\/\/api.w.org\/{rel}","templated":true}]}}